{"id":14178,"date":"2025-05-21T12:31:43","date_gmt":"2025-05-21T15:31:43","guid":{"rendered":"https:\/\/www.tpower.com.br\/site\/?page_id=14178"},"modified":"2025-05-21T12:31:43","modified_gmt":"2025-05-21T15:31:43","slug":"diretrizes","status":"publish","type":"page","link":"https:\/\/www.tpower.com.br\/site\/diretrizes\/","title":{"rendered":"Diretrizes"},"content":{"rendered":"<p>O TPOWER \u00e9 comprometido com a produ\u00e7\u00e3o de reportagens, independentes e respons\u00e1veis, que respeitam a diversidade e atuam com transpar\u00eancia e \u00e9tica. Nossos princ\u00edpios garantem a credibilidade e o compromisso com a verdade, enquanto nossos valores orientam cada etapa da apura\u00e7\u00e3o e divulga\u00e7\u00e3o, sempre focados no interesse p\u00fablico e na responsabilidade social.<\/p>\n<p><strong>Princ\u00edpios editoriais<\/strong><\/p>\n<ol>\n<li>Compromisso com a verdade dos fatos<br \/>\nAs reportagens do TPOWER s\u00e3o baseadas em apura\u00e7\u00e3o e checagem detalhada para garantir precis\u00e3o e contexto.<\/li>\n<li>Independ\u00eancia editorial<br \/>\nMantemos autonomia total, sem influ\u00eancias externas que possam comprometer a credibilidade das reportagens.<\/li>\n<li>Imparcialidade<br \/>\nBuscamos apresentar informa\u00e7\u00f5es equilibradas<\/li>\n<li>Corre\u00e7\u00e3o e transpar\u00eancia<br \/>\nReconhecemos e corrigimos erros de forma clara e transparente, respeitando nosso compromisso com o p\u00fablico.<\/li>\n<li>Clareza entre fato e opini\u00e3o<br \/>\nDistinguimos claramente o que s\u00e3o reportagens baseadas em fatos e o que s\u00e3o an\u00e1lises ou opini\u00f5es.<\/li>\n<li>Responsabilidade social<br \/>\nProduzimos reportagens conscientes do impacto social, respeitando a dignidade e os direitos humanos.<\/li>\n<li>Valoriza\u00e7\u00e3o da pluralidade e diversidade<br \/>\nNossas reportagens refletem a diversidade da sociedade, dando voz a diferentes segmentos e opini\u00f5es.<\/li>\n<\/ol>\n<p><strong>Valores<\/strong><\/p>\n<ol>\n<li>\u00c9tica<br \/>\nAgimos com integridade, respeito e responsabilidade, fundamentando nosso trabalho em princ\u00edpios \u00e9ticos s\u00f3lidos.<\/li>\n<li>Transpar\u00eancia<br \/>\nPriorizamos a clareza na apura\u00e7\u00e3o, na divulga\u00e7\u00e3o e na corre\u00e7\u00e3o das informa\u00e7\u00f5es.<\/li>\n<li>Credibilidade<br \/>\nNossa principal prioridade \u00e9 a confian\u00e7a do p\u00fablico, constru\u00edda por meio de rigor e independ\u00eancia.<\/li>\n<li>Pluralismo<br \/>\nValorizamos a diversidade de ideias, culturas e opini\u00f5es, refletindo a pluralidade da sociedade.<\/li>\n<li>Compromisso com o interesse p\u00fablico<br \/>\nNosso foco \u00e9 informar com relev\u00e2ncia e responsabilidade, sempre pensando no bem coletivo.<\/li>\n<li>Responsabilidade social<br \/>\nConsideramos o impacto das reportagens na vida das pessoas e na sociedade.<\/li>\n<li>Imparcialidade<br \/>\nBuscamos a objetividade e a isen\u00e7\u00e3o para garantir informa\u00e7\u00f5es justas.<\/li>\n<li>Inova\u00e7\u00e3o com responsabilidade<br \/>\nApostamos na evolu\u00e7\u00e3o tecnol\u00f3gica e editorial, sem abrir m\u00e3o dos princ\u00edpios \u00e9ticos.<\/li>\n<\/ol>\n<p>TPOWER &#8211; @portaltpower<br \/>\nConectado na not\u00edcia!<\/p>\n","protected":false},"excerpt":{"rendered":"<p>O TPOWER \u00e9 comprometido com a produ\u00e7\u00e3o de reportagens, independentes e respons\u00e1veis, que respeitam a diversidade e atuam com transpar\u00eancia e \u00e9tica. Nossos princ\u00edpios garantem a credibilidade e o compromisso com a verdade, enquanto nossos valores orientam cada etapa da apura\u00e7\u00e3o e divulga\u00e7\u00e3o, sempre focados no interesse p\u00fablico e na responsabilidade social. Princ\u00edpios editoriais Compromisso [&hellip;]<\/p>\n","protected":false},"author":1,"featured_media":0,"parent":0,"menu_order":0,"comment_status":"closed","ping_status":"closed","template":"","meta":{"footnotes":""},"_links":{"self":[{"href":"https:\/\/www.tpower.com.br\/site\/wp-json\/wp\/v2\/pages\/14178"}],"collection":[{"href":"https:\/\/www.tpower.com.br\/site\/wp-json\/wp\/v2\/pages"}],"about":[{"href":"https:\/\/www.tpower.com.br\/site\/wp-json\/wp\/v2\/types\/page"}],"author":[{"embeddable":true,"href":"https:\/\/www.tpower.com.br\/site\/wp-json\/wp\/v2\/users\/1"}],"replies":[{"embeddable":true,"href":"https:\/\/www.tpower.com.br\/site\/wp-json\/wp\/v2\/comments?post=14178"}],"version-history":[{"count":1,"href":"https:\/\/www.tpower.com.br\/site\/wp-json\/wp\/v2\/pages\/14178\/revisions"}],"predecessor-version":[{"id":14179,"href":"https:\/\/www.tpower.com.br\/site\/wp-json\/wp\/v2\/pages\/14178\/revisions\/14179"}],"wp:attachment":[{"href":"https:\/\/www.tpower.com.br\/site\/wp-json\/wp\/v2\/media?parent=14178"}],"curies":[{"name":"wp","href":"https:\/\/api.w.org\/{rel}","templated":true}]}}